the tens digit of (-4 + 10)*f/6?
1
Let i(y) = -y**2 - 8*y + 2. Let j be (-3)/(3/10) + 4. What is the units digit of i(j)?
4
Suppose -3*m - u + 2 = 8, -2*m = -3*u - 7. Let f be m*2*(-8)/2. Suppose -z = z - f. What is the units digit of z?
4
Let v(r) = -r**2 - 3*r + 5. Let p be v(-4). Let g be -3 + 2 + 0 + p. Suppose -3*u + 24 = -g*u. What is the units digit of u?
8
Let d be 122/6 - (-2)/(-6). Let m = d + -10. What is the tens digit of m?
1
Suppose 0 = 4*g - 6 - 2. Suppose 3*y + 0*y = 12. Suppose -4*s - 2*f = -16, g*s + 2*f - y = -f. What is the units digit of s?
5
Let d be 4/6 + 16/12. Suppose 52 = d*v - 28. What is the units digit of v?
0
Let n(w) = w**2 + 6*w + 19. What is the units digit of n(-8)?
5
Suppose 3 = -6*d + 3*d, 0 = 3*x - 4*d - 115. What is the units digit of x?
7
Let t(h) = 92*h**3 + h**2 - 3*h + 1. What is the tens digit of t(1)?
9
Let i be 1/5 - 22/10. Let b be i/2*(-2 + 0). Suppose -5*j + 15 = -b*r, -r - 6 = -3*j + j. What is the units digit of j?
3
Suppose -2*i = 3*i - 35. Suppose -4*n + i = -1. What is the units digit of n?
2
Let f(k) = -2 - 3 + 3*k + 5. Let h be f(1). Suppose 3*p + h*x = 15, -p + 2 = -3*p - 5*x. What is the units digit of p?
9
Suppose 0*p = 2*p - 16. Suppose -b + 5*z = -19, 0 = -4*b - z - z + 10. Suppose -2*k = o - 4*k + 3, -p = -b*k. What is the units digit of o?
1
Suppose 8*m = 260 + 612. What is the hundreds digit of m?
1
Suppose 8*b - 5*b - 15 = 0. Let j(y) = 0 + 14*y + 2 - b - 3*y. What is the units digit of j(2)?
9
Suppose 3 = 2*f + 5*i - 5, -3*f - 5*i + 12 = 0. What is the units digit of f?
4
Let t = 16 - 26. Let h be 3 + ((-1)/1 - t). Suppose 5*f + 5 = 0, 2*m - 2*f + 0*f = h. What is the units digit of m?
5
Suppose -2*o = o - 69. Let w = o - 11. Suppose 21 = 2*v + z + 4*z, v + w = 5*z. What is the units digit of v?
3
Suppose 8*o - 13*o = -985. What is the hundreds digit of o?
1
Let f = 2 - -22. Suppose k - 7 = 2*z, f - 59 = -3*k - z. What is the units digit of k?
1
Suppose -2*g - 6 = 8. What is the units digit of (18/21)/((-2)/g)?
3
Let t(v) = v**2 - 10*v - 9. What is the hundreds digit of t(-11)?
2
Suppose -2*x = 3*x - 260. What is the units digit of x?
2
Let u = 0 + 3. Suppose -2*v + 4*r + 5 = 3*r, -3*r = v + 1. Suppose u = -a - v*a, 5*m = -a + 44. What is the units digit of m?
9
Let k(l) = 3*l - 25. What is the units digit of k(11)?
8
Let p(k) = 3*k**3 - 5*k**2 + 2*k - 8. What is the units digit of p(5)?
2
Let i be (1 - 1) + (1 - -1). Suppose i*u + 0*u = 24. What is the tens digit of u?
1
Let u = 2 + 1. Suppose 4*x = -4*n - x + 17, 17 = n - u*x. What is the units digit of n + 1*2/(-2)?
7
Suppose -5*g = 184 - 509. Suppose -m = -4*u - 13, 3*m + u - g = -0*m. What is the tens digit of m?
2
Suppose -4*f + h = 22, -3*f = 3*h + 2*h + 5. Let p = f - -7. What is the units digit of p?
2
Let a(n) = n**2 + 5*n - 4. Let q be a(-6). Suppose 3*y = -5 + q. Let v = 8 + y. What is the units digit of v?
7
Let i(c) = 3*c + 11 - 27 + 13. Suppose j - 3*j + 4*n + 20 = 0, -2*j - 1 = 3*n. What is the units digit of i(j)?
9
Let s(q) = -q**2 - 16*q - 4. Let y be s(-15). What is the units digit of (7 - y)/((-1)/6)?
4
Let d be 3/(-6*1/(-20)). Suppose 0 = -4*a + 4, 5*m + 0 = -5*a - d. Let z(t) = -t**3 - t**2 + 4*t. What is the units digit of z(m)?
6
Let k(o) = 4*o - 7. What is the units digit of k(19)?
9
Let h be 1*(2 - 2 - -10). Suppose 3 + 4 = y + 4*s, 3*s = 4*y + h. What is the units digit of ((-2)/(-4))/(y/(-16))?
8
Let q be (-21)/14 + 1/(-2). What is the units digit of (-1 - q)*(5 - 1)?
4
Suppose 0 = 2*j - 2*m + 5*m - 7, m + 26 = 5*j. Let g = j + -1. What is the units digit of g?
4
Let z = 6 + -11. Let j(d) = d**2 + 3. Let h be j(z). Let o = h + -19. What is the units digit of o?
9
Let s(r) = r**3 - 2*r**2 + 2. Let u be s(2). Let o = 22 + -8. Suppose 0 = u*y - o + 6. What is the units digit of y?
4
Let i(o) = 2*o**2 + 5*o + 5. Let j be i(-4). Suppose 4*n - 32 = -3*s + 3*n, -3*s + 2*n + j = 0. What is the units digit of s?
9
Suppose -6 = -v - 1. Suppose v*z + 0 = 10. Suppose 0 = -2*x - 0*x + z. What is the units digit of x?
1
Let b be ((-2)/(-4))/((-1)/(-80)). Suppose 5*m + 4*u + 0*u - b = 0, 4*m - u = 32. Let a = m - 6. What is the units digit of a?
2
What is the tens digit of 51 + (4 - (-15)/(-5)*1)?
5
Suppose 42 = -v + 3*v. Suppose -2*t = -5*c - v, 3*t + 4*c = 20 - 0. Let y = t - 6. What is the units digit of y?
2
Let i be ((-82)/5)/(2/(-10)). Suppose 0 = -2*p + 4*p - i. Suppose 20 = 4*n + q - 6, 0 = 5*n - 3*q - p. What is the units digit of n?
7
Let p(i) = 3*i**2 + 10*i + 6. Let q be p(-6). Suppose 0 = 2*m - 5*m + q. Let l = m - 8. What is the tens digit of l?
1
Suppose 2 = 6*r - 5*r. Suppose 11 + 11 = r*i. Suppose -i = -4*n + 57. What is the units digit of n?
7
Let t(j) = j**2 - 17*j + 6. What is the units digit of t(18)?
4
Let g(u) = u**2 + 4*u - 19. What is the tens digit of g(-9)?
2
Suppose 3*n + n = 84. What is the units digit of n?
1
Suppose 3*w = -2*r - 2, -7 = 5*r + 13. Let z be -6*(w - 0)/(-6). What is the units digit of (-363)/(-21) - z/7?
7
Let j be 2/3 - (-11)/(-3). Let s be -2*j/(-6) - -25. Suppose 3*n + n = s. What is the units digit of n?
6
Suppose -3*d = -8*d + 10. Let a be (-1)/d - 15/(-6). Suppose a = -i + 3. What is the units digit of i?
1
Let t = -9 + 35. Let p be ((-10)/(-4))/(1/2). Suppose -p*w + o + o = 5, w = -5*o + t. What is the units digit of w?
1
Let y(g) = g - 4. Suppose 32 = -4*z - 0*z. Let n = z - -17. What is the units digit of y(n)?
5
Suppose -4*c + 3*a + 316 = 7*a, c + 5*a = 99. Let d = -52 + c. What is the units digit of d?
2
Suppose z - 7 = -2. Suppose 0*i + z*i = 300. What is the tens digit of 14/(-4)*i/(-21)?
1
Let y(s) = 2*s**2 + 7*s - 1. Let z be y(-5). Suppose -4*u + o = 4, -2*u + 4*o = 5*o - 4. Suppose -t = -u*t - z. What is the tens digit of t?
1
Suppose -2*q - 5*p = 11, 0 = 5*q - p - 6 - 7. Suppose m + 3*r - 4 = 5*r, 0 = q*r + 8. Let x = 7 + m. What is the units digit of x?
3
Let s be 30/2 + (-4)/2. Suppose -3*d = 3*m - 17 - s, 0 = 4*d. What is the tens digit of m?
1
Let m be (-2 - -1)/(2/(-2)). Suppose 7 + m = 2*g. Suppose i = g*y - 20, 0*y = -2*y - 5*i - 12. What is the units digit of y?
4
Let k(w) = -w**3 + 9*w**2 - w + 7. Let x be k(9). What is the units digit of (155 - 7)*x/(-8)?
7
Let g(t) = 34*t**2 + 5*t + 7. What is the tens digit of g(-2)?
3
Let y(q) = 2*q**3 - 2*q**2 - q. Let z be y(-1). What is the units digit of (2/z)/(1/(-3))?
2
Let a = 91 + 217. What is the hundreds digit of a?
3
Let n = -24 + 81. What is the tens digit of n?
5
Let a(i) = 15*i**2 - 6*i - 3. What is the units digit of a(-2)?
9
Let m(i) = -2*i - 2. Let x be m(-6). Let f = 16 - x. What is the units digit of f?
6
Suppose -3*y = -5*s + 5, -3*s - y = -7*s - 3. What is the units digit of (1/s)/((-2)/24)?
6
Suppose 4*v - 5*d - 146 = 0, -2*d - 42 = -3*v + 64. What is the tens digit of v?
3
Let d(c) = 2*c**2 - 3*c - 5. What is the units digit of d(4)?
5
Let u(n) be the first derivative of n**4/4 + 4*n**3 + 11*n**2/2 + 7*n + 5. What is the units digit of u(-11)?
7
Suppose -3*q - 4*c + 320 = 0, -4*q + 468 = -0*q - 5*c. Suppose -4*t - 5*k = -q, -135 = -t - 4*t - 5*k. What is the tens digit of t?
2
Suppose 3*a + 2*i + 26 = 0, -2*a = -0*i - 2*i + 4. Let m(j) = j**3 + 5*j**2 - 9*j + 2. What is the tens digit of m(a)?
2
Let x(b) be the first derivative of b**3/3 + 2*b**2 - 5*b - 6. What is the units digit of x(-8)?
7
What is the units digit of -1*(-5)/10*18?
9
Let m = 4 - 9. Let v(g) = g**2 + 2*g - 2. What is the units digit of v(m)?
3
Suppose 2*v = v + 10. Suppose 19 = 2*h - 5*o, -1 = 2*h + 4*o + 7. Suppose -h*q + v = -4. What is the units digit of q?
7
What is the units digit of (-12)/16 + 405/12?
3
Let a(x) = x**2 - 2*x + 18. What is the tens digit of a(8)?
6
Let q = 656 + -434. Suppose -2*r + q = -0*r. Suppose -6*c + c = -4*o - r, -5*o = -c + 39. What is the units digit of c?
9
Suppose -2*i + 12 = 4*g, -2*g + 33 = 3*g - 2*i. Suppose g*v - 2*v - 9 = 0. Suppose 8*d - v*d = 5. What is the units digit of d?
1
Suppose o - 14 = -5*p, -o = 3*o - 2*p + 10. What is the units digit of 7 + (o - (0 - 3))?
9
Let p(j) = -j**2 + 7*j + 5. Let k be p(8). Let i be (k + 0/(-3))/(-1). What is the units digit of 1/(2 + (-3)/i)?
1
Let n(p) be the third derivative of -p**5/60 - 5*p**4/12 + 2*p**3 - 4*p**2. What is the units